9, 17977
List the prime factors of 822088351.
7, 2731, 43003
List the prime factors of 5254493.
5254493
What are the prime factors of 3669337141?
47, 78071003
What are the prime factors of 126362335?
5, 11, 53, 67, 647
List the prime factors of 1281827.
1281827
List the prime factors of 1898520006.
2, 3, 41, 113, 163, 419
What are the prime factors of 207647039?
207647039
What are the prime factors of 19715552?
2, 616111
List the prime factors of 805851020.
2, 5, 13, 271, 11437
List the prime factors of 138610677.
3, 149, 310091
List the prime factors of 644896287.
3, 7, 23, 29, 103, 149
What are the prime factors of 20519248?
2, 103, 12451
List the prime factors of 2160596700.
2, 3, 5, 800221
List the prime factors of 1349455105.
5, 269891021
What are the prime factors of 21693310?
2, 5, 2169331
What are the prime factors of 692929153?
7, 98989879
List the prime factors of 223597778.
2, 53, 347, 6079
List the prime factors of 146369061.
3, 29, 449, 1249
List the prime factors of 294306456.
2, 3, 53, 61, 3793
List the prime factors of 33832988.
2, 7, 227, 5323
List the prime factors of 46899362.
2, 17, 61, 22613
What are the prime factors of 237477073?
1571, 151163
List the prime factors of 31179524.
2, 29, 268789
What are the prime factors of 30391914?
2, 3, 7, 723617
List the prime factors of 3087160591.
9931, 310861
What are the prime factors of 3354502799?
43, 101, 772393
List the prime factors of 73704926.
2, 23, 1602281
List the prime factors of 141042338.
2, 70521169
What are the prime factors of 3093254560?
2, 5, 11, 1757531
What are the prime factors of 18649983?
3, 11, 283, 1997
What are the prime factors of 3012307760?
2, 5, 7, 11, 489011
What are the prime factors of 508044164?
2, 439, 289319
What are the prime factors of 70466415?
3, 5, 53, 151, 587
What are the prime factors of 86704773?
3, 28901591
List the prime factors of 29501710.
2, 5, 7, 421453
What are the prime factors of 421183953?
3, 46798217
What are the prime factors of 158545128?
2, 3, 7, 17, 43, 1291
What are the prime factors of 1693129772?
2, 12647, 33469
List the prime factors of 198297122.
2, 23, 139, 31013
List the prime factors of 818233839.
3, 30304957
What are the prime factors of 26642925?
3, 5, 59, 223
List the prime factors of 2556185164.
2, 13, 29, 101, 1291
List the prime factors of 110129966.
2, 19, 43, 67399
List the prime factors of 1308741303.
3, 436247101
What are the prime factors of 216453406?
2, 13, 8325131
List the prime factors of 128277997.
1447, 88651
List the prime factors of 608787319.
7, 12424231
What are the prime factors of 372545188?
2, 41, 647, 3511
What are the prime factors of 780726707?
780726707
List the prime factors of 122437485.
3, 5, 17, 160049
What are the prime factors of 1657120776?
2, 3, 37, 1866127
List the prime factors of 1535917754.
2, 7, 31, 367, 9643
What are the prime factors of 48675655?
5, 7, 1390733
What are the prime factors of 240985433?
13, 18537341
List the prime factors of 3297545878.
2, 11, 6869, 21821
List the prime factors of 9179788294.
2, 263, 17452069
What are the prime factors of 141459238?
2, 479, 147661
List the prime factors of 527244976.
2, 67, 491833
What are the prime factors of 58046310?
2, 3, 5, 7, 199, 463
What are the prime factors of 159042611?
7, 13, 1747721
List the prime factors of 4950544612.
2, 13, 95202781
List the prime factors of 72142953.
3, 223, 107837
What are the prime factors of 4444292551?
151, 383, 76847
What are the prime factors of 77399364?
2, 3, 7, 251, 3671
List the prime factors of 567418591.
567418591
List the prime factors of 701143812.
2, 3, 19476217
What are the prime factors of 111165108?
2, 3, 17, 544927
What are the prime factors of 224010347?
11, 41, 127, 3911
List the prime factors of 28760397.
3, 53, 180883
List the prime factors of 140354406.
2, 3, 19, 410393
List the prime factors of 4234641185.
5, 21323, 39719
List the prime factors of 4271041.
4271041
List the prime factors of 9630187.
7, 769, 1789
List the prime factors of 29682903.
3, 23, 31, 13877
What are the prime factors of 80366572?
2, 11, 13, 109, 1289
List the prime factors of 1050504215.
5, 4871, 43133
List the prime factors of 52657449.
3, 13, 17, 79423
List the prime factors of 3576758249.
22639, 157991
What are the prime factors of 594932396?
2, 67, 163, 13619
List the prime factors of 248725154.
2, 179, 694763
List the prime factors of 41865058.
2, 43, 11321
What are the prime factors of 7564383928?
2, 17471, 54121
What are the prime factors of 720745154?
2, 360372577
What are the prime factors of 9093617630?
2, 5, 269, 3380527
List the prime factors of 741480398.
2, 17, 21808247
List the prime factors of 133979616.
2, 3, 155069
What are the prime factors of 43490350?
2, 5, 869807
List the prime factors of 1347487271.
13, 907, 114281
What are the prime factors of 218409858?
2, 3, 59, 2539
List the prime factors of 366193574.
2, 19, 9636673
List the prime factors of 66756467.
17, 97, 40483
List the prime factors of 45007880.
2, 5, 79, 14243
What are the prime factors of 83008903?
1031, 80513
List the prime factors of 71901879.
3, 7, 3423899
What are the prime factors of 993803420?
2, 5, 49690171
What are the prime factors of 3326393954?
2, 13, 19, 2521, 2671
What are the prime factors of 154589253?
3, 7, 13, 73, 7757
List the prime factors of 1458566217.
3, 19, 163, 17443
What are the prime factors of 725567136?
2, 3, 7, 19, 56827
What are the prime factors of 14749312?
2, 61, 1889
What are the prime factors of 17469099?
3, 1193, 1627
What are the prime factors of 2745546734?
2, 7, 4211, 6653
List the prime factors of 208298444.
2, 19, 67, 2153
What are the prime factors of 49969770?
2, 3, 5, 1665659
List the prime factors of 2741888006.
2, 11, 13, 23, 101, 4127
What are the prime factors of 62066755?
5, 787, 15773
List the prime factors of 6025513542.
2, 3, 1004252257
List the prime factors of 102406469.
11, 9309679
List the prime factors of 1201409020.
2, 5, 7, 97, 88469
List the prime factors of 4779276005.
5, 7, 19507249
What are the prime factors of 249804577?
11, 47, 61, 89
List the prime factors of 2790698430.
2, 3, 5, 13, 31, 230827
What are the prime factors of 1543727153?
59, 26164867
List the prime factors of 694705873.
19, 1924393
List the prime factors of 404588245.
5, 80917649
What are the prime factors of 114293984?
2, 7, 510241
What are the prime factors of 384289448?
2, 4099, 11719
What are the prime factors of 1092380302?
2, 13, 41, 103, 9949
What are the prime factors of 181986084?
2, 3, 7, 722167
List the prime factors of 165927079.
165927079
List the prime factors of 160954.
2, 23, 3499
List the prime factors of 1085723875.
5, 8685791
What are the prime factors of 853956624?
2, 3, 17790763
What are the prime factors of 13903006?
2, 13, 29, 18439
What are the prime factors of 3686872780?
2, 5, 31, 5946569
What are the prime factors of 470453912?
2, 58806739
List the prime factors of 57020460.
2, 3, 5, 7, 127, 1069
What are the prime factors of 125157441?
3, 41719147
List the prime factors of 404160007.
404160007
List the prime factors of 4760600641.
181, 4877, 5393
List the prime factors of 27444508.
2, 7, 13, 10771
What are the prime factors of 5788835?
5, 13, 29, 37, 83
What are the prime factors of 141528399?
3, 1699, 27767
What are the prime factors of 605326041?
3, 1667, 4483
List the prime factors of 987356963.
881, 1120723
List the prime factors of 3509153121.
3, 5521, 211867
What are the prime factors of 2691902431?
2099, 1282469
List the prime factors of 51199316.
2, 7, 97, 2693
List the prime factors of 181684080.
2, 3, 5, 19, 233
List the prime factors of 223603608.
2, 3, 23, 53, 7643
What are the prime factors of 3979198773?
3, 11, 59, 681253
List the prime factors of 983492995.
5, 23, 371831
List the prime factors of 117324903.
3, 41, 953861
What are the prime factors of 433120859?
10831, 39989
What are the prime factors of 1251334760?
2, 5, 13, 41, 58693
List the prime factors of 1168505698.
2, 107, 743, 7349
List the prime factors of 29067529.
577, 50377
What are the prime factors of 27093004?
2, 6773251
List the prime factors of 1849316679.
3, 7, 23, 1276271
List the prime factors of 106732349.
31, 3442979
What are the prime factors of 156582107?
11, 29